digit of m?
6
What is the units digit of -1*((135/125 - 1) + 17859393/(-225))?
5
Let j(o) = -5*o - 224. Let d(q) = -24*q - 1122. Let z(l) = -6*d(l) + 28*j(l). What is the units digit of z(0)?
0
Suppose 32*c = 201931 + 25429. Suppose 13*q = -16*q + c. What is the hundreds digit of q?
2
Let o(m) = -11*m**3 - 243*m**2 - 50*m - 86. Let z(h) = -6*h**3 - 121*h**2 - 25*h - 43. Let r(n) = -3*o(n) + 5*z(n). What is the tens digit of r(-41)?
9
Let m(g) = 2*g**2 - 13*g - 262. Let i(j) = -7*j - 131. Let p(y) = -9*i(y) + 4*m(y). What is the hundreds digit of p(-12)?
1
Suppose -120 = a - 110. What is the tens digit of 149*2 + a*4/8?
9
Suppose g - 69 - 9 = 0. Let n(w) = 26*w**2. Let a(t) = -403*t**2. Let c(p) = g*n(p) + 5*a(p). What is the tens digit of c(1)?
1
Suppose 30*a - 26*a = -3*k + 77151, -4*k - 3*a + 102861 = 0. What is the tens digit of k?
1
Suppose 11*j - 10525 - 13543 = 0. Suppose 2702 - 514 = 4*u - s, 4*u - j = 5*s. What is the hundreds digit of u?
5
Let l = -2634 + 4118. Suppose -8*w + w + l = 0. What is the tens digit of w?
1
Let l be (10/2 + -3)*(-1 + -2). Let w(g) = 10*g**2 - 8*g - 3. What is the units digit of w(l)?
5
Let g = -1611 - -1542. Suppose -f + 2*f = -131. Let h = g - f. What is the tens digit of h?
6
Let q(h) = -8013*h + 1131. What is the hundreds digit of q(-2)?
1
Let x(f) = 2393*f + 868. What is the hundreds digit of x(5)?
8
Let w(n) be the first derivative of -28*n - 29*n - 12 + 62*n + n**3. What is the units digit of w(-4)?
3
Let k(m) = m**2 - 21*m + 111. Let x be k(11). What is the tens digit of ((-6)/(x/(-1)) - -1327)/1?
3
Suppose -7*m + 38 - 3 = 0. Suppose 180 = m*k + k. Suppose 4*c - 138 = k. What is the units digit of c?
2
Suppose -53*o + 51*o = -z + 45942, -2*z + 91869 = -o. What is the ten thousands digit of z?
4
Suppose -2*c + 3*a - 3600 = 204, 4*c - a + 7598 = 0. Let u be -1 + c - (-5 + 9 + -4). What is the tens digit of (-4)/(-6) + u/(-12)?
5
What is the hundreds digit of -3 + (-3 + 8 + -10 - -1222)?
2
What is the units digit of ((-4816)/(-48))/(6/360)?
0
Let m = -568 + 1226. Let c = 700 - m. What is the units digit of c?
2
Suppose -19 - 21 = -3*p - 5*q, 59 = 4*p + q. Suppose 4 = p*d - 14*d. Suppose -2*g - 3*b = -317 + 23, -620 = -d*g + 2*b. What is the tens digit of g?
5
Let w(j) = -j**2 + 4*j + 10. Suppose -30 = 5*n - 5*p, 2*p = -0 + 6. Let d be w(n). Let q = d - -160. What is the hundreds digit of q?
1
Let n(m) = 3*m**3 + 2*m + 5. Let q(s) = -13*s**3 + s**2 - 9*s - 21. Let b(w) = -9*n(w) - 2*q(w). Suppose -210*j = -217*j - 21. What is the units digit of b(j)?
6
Let h be (-3)/(-12) - ((-1330)/(-8))/(-7). Let l = h + -24. Suppose -w = -l*w - 53. What is the units digit of w?
3
Let w(o) = o**3 - 19*o**2 - 40*o - 42. Let u be w(21). Suppose -8*r + 4*r + 992 = u. What is the hundreds digit of r?
2
Suppose -v - 7 = 2*n, 2*n + 0*n = -3*v - 1. Let y(z) = -z + 1. Let p be y(-4). Suppose -v*t + 3*i + 69 = -66, p*t - 221 = 4*i. What is the tens digit of t?
4
Suppose 6997203 = 197*u - 4104929. What is the ten thousands digit of u?
5
Suppose -2*o = o. Suppose o = -8*j + 12*j - 808. Let q = j - 93. What is the hundreds digit of q?
1
Let m(q) = -q. Let l be m(6). Let d be (-38)/(-8) - l/72*3. Suppose -d*z + 4*o + 645 = 0, 5*z - o = 6*z - 129. What is the hundreds digit of z?
1
Suppose -27*s = -24*s - 12. Suppose -4*z - s*l - 460 = 0, -3*l + 348 = -5*z - 219. What is the units digit of z/(-9)*(2 + 4)?
6
Suppose 6*a + 192412 = 8*a + 9*a. What is the ten thousands digit of a?
1
Let d(k) = 15*k**2 + 23 + 30*k + 3*k**3 + 17*k - 19*k - 2*k**3. Let u be d(-13). What is the units digit of (-4)/u - (-6712)/24?
1
Let t be 94/(-6) + 4/6. Let h(v) = 24 - 7*v - 19 + 40*v + 3*v**2. What is the units digit of h(t)?
5
What is the units digit of 7095/(-258)*1172/(-10)?
3
Let v = 2 - 2. Let t be (2 - (v + 4))/(4/(-6)). Suppose 2*b = -t + 23. What is the units digit of b?
0
Let v = 78649 + -38118. What is the tens digit of v?
3
Suppose 147*m + 125223 = 168*m. What is the units digit of m?
3
Let q(u) = 87*u**2 - 30*u - 102. What is the thousands digit of q(-8)?
5
Let m = 28233 + 9099. What is the thousands digit of m?
7
Let a = 9275 - 4844. Suppose -17*y - a = -20*y. What is the units digit of y/21 + 6 + (-2)/(-3)?
7
Suppose 7294*z - 7291*z - 1269 = 0. What is the units digit of z?
3
Suppose 3*k + 365 = 2*v - 172, 5*k - 4*v = -895. Let b(d) = 13*d**2 + 8*d + 7. Let s be b(-5). Let g = k + s. What is the units digit of g?
3
Let p = 1179 - 588. Let q = p + 546. What is the tens digit of q?
3
Let x(c) = 15200*c + 15. Let j be x(-2). What is the units digit of -2*j/60 - (-6)/36?
3
Suppose 16 = 5*p - k - 14, -2*p - 5 = 3*k. Suppose 0 + 9 = -3*w, w = p*r - 1893. What is the units digit of r?
8
Let k(i) be the first derivative of 7*i**3/3 + 3*i**2/2 + 21*i + 205. What is the hundreds digit of k(-4)?
1
Let o = -381 + 408. Suppose 3*s + 288 = b, 3*b = -31*s + o*s + 877. What is the hundreds digit of b?
2
Let g(d) = 17*d**3 - 4*d - 6. Let k be g(3). What is the units digit of k + (-3 - (-5 - -2))?
1
Let k be -4 - (1 + 1 + -9). Suppose -k*f + 83 = -301. Suppose 6*w - 2*w - f = 0. What is the tens digit of w?
3
Suppose -433525 = -64*x - 212962 + 1203693. What is the thousands digit of x?
2
Let q = 220 - 148. What is the hundreds digit of -3*1832/q*-9?
6
Suppose -b - v = -99, -3*v + 487 = -6*b + 11*b. Suppose 77*t + 4896 = b*t. What is the units digit of t?
2
Let c(o) = o**3 - 23*o**2 - 28*o - 23. Suppose 3*r - 4*k = 64, 0*r = -r - 3*k + 30. Let j be c(r). Let d = 184 + j. What is the tens digit of d?
6
Let c(l) = 700*l + 408. What is the units digit of c(10)?
8
Let i be 7 - (-3 + -2 + 10). Suppose 0 = -3*z + i*t - 2 + 4, 0 = z - 2*t + 6. Suppose z*w + 2*c = 928, 58 = -2*w + 3*c + 538. What is the hundreds digit of w?
2
Let k(z) = z**2 - 11*z + 13. Let t be -3 + ((-16)/(-4) - -15). Let b be k(t). Suppose 4*c + 0*v - 372 = -v, b = c - 4*v. What is the tens digit of c?
9
Let k be (-321)/4*1008/(-108). Suppose 0 = -5*z + 796 + k. What is the tens digit of z?
0
What is the ten thousands digit of 12/8 - ((-1269303)/42 - 4)?
3
Let g(q) = -434*q - 2307. What is the units digit of g(-9)?
9
What is the units digit of (166122/(171/19))/(-2 - -4)?
9
Let p(i) = 39*i - i**2 - 5*i - 20 + i. What is the units digit of p(12)?
6
Suppose i + 233 = -2*w - 184, -3*w - 642 = -4*i. Let o = -149 - w. Let r = o - -7. What is the tens digit of r?
6
Let u(d) be the third derivative of -d**4/12 + 3*d**3/2 + 5*d**2. Let k be u(3). What is the units digit of (1 - 89/k)/((-5)/15)?
6
Let k(q) = 12*q**2 - 4*q - 5. Suppose -90 = -2*y - 5*u, 0 = -4*y + 3*u + 197 - 17. Let i = 43 - y. What is the units digit of k(i)?
1
Let y(z) = 21*z**2 - 7 + 2 + 25*z**2 + 5*z. Let k(w) = 45*w**2 + 4*w - 4. Let c(m) = 3*k(m) - 2*y(m). What is the tens digit of c(1)?
4
Let g = 151 - -328. Let i = g + -354. What is the tens digit of i?
2
Suppose x + 25*c = 30*c + 4024, 3*x + 5*c - 12092 = 0. What is the thousands digit of x?
4
Let q(p) be the first derivative of -3*p**3 + 3*p + 13. Let y be q(-4). Let f = 215 + y. What is the tens digit of f?
7
Suppose -170*j - 5*d = -173*j + 47937, 5*j = 3*d + 79879. What is the units digit of j?
4
Let a = 19 + -22. Suppose -3*n = -4*h + 7, 4*h = 4*n - 8*n + 28. What is the tens digit of 23*(h - (a + 3))?
9
Let u = 559 - 557. What is the tens digit of (u/(-10))/((-25)/59875)?
7
Let y(k) = -k**3 - 5*k**2 + 4*k + 15. Let o be y(-7). Let d = o - -140. Suppose 4*g + l - d = g, -3*g - 2*l + 222 = 0. What is the units digit of g?
6
Let a = -243 + 189. What is the hundreds digit of -1538*6/a - 4/(-36)?
1
Let a = 19803 + -13421. What is the hundreds digit of a?
3
Suppose 2*n - 11*a + 9*a = 12972, -4*a = 0. What is the hundreds digit of n?
4
Let g(l) = 186*l**2 + 176*l - 4091. What is the hundreds digit of g(20)?
8
What is the ten thousands digit of (21/49 - 1) + 2057930/49?
4
Suppose 4*k + 3*v = 34010, 2*k = 2*v + 10438 + 6588. What is the units digit of k?
7
Let x = -980 + 1949. Suppose -8*w = -x - 263. What is the tens digit of w?
5
Suppose -4*a - 133 = k, -104 = k - 3*a + 43. Let t = k + 225. What is the units digit of t?
4
Suppose -2*h - 8 = -4*i, -5*h = -4*i - i + 10. Suppose -q + h*q = 0, -5*d + 985 = 3*q. What is the hundreds digit of d?
1
Let m = 8080 - 2325. What is the hu